 r and 132?
44
Let b(q) = -4*q**3 + 2*q**2 - 4*q + 3. Let l be b(4). Let o = 247 + l. Calculate the greatest common factor of 90 and o.
10
Let n = 400 - 392. Let t be (3 + 3367/(-52))/((-2)/n). Let i be 134/10 - 6/15. Calculate the greatest common divisor of t and i.
13
Suppose -48*h - 3*h + 4*h + 17766 = 0. What is the greatest common factor of 1296 and h?
54
Let d be (-2)/(-8) + 21/12. Suppose 0 = 2*t + d*t - 384. Let x be (-112 - -98)*(-24)/14. Calculate the greatest common divisor of t and x.
24
Let i be ((-22)/(-6))/(2/102). Suppose -73*j + 494 = -747. What is the highest common factor of i and j?
17
Suppose -3*a + 2*p = -298, 4*p = -3*a + 4*a - 96. Suppose 3*q - 2*r - 552 = -2*q, 3*r + a = q. What is the greatest common divisor of 32 and q?
16
Let b(v) = 13*v - 3. Let t be b(1). Suppose 5*x = -0*x + t. Suppose -5*i - x*d + 7*d = -30, 0 = 4*i + 4*d - 24. What is the greatest common factor of i and 6?
6
Suppose 6*i - 4*i - 222 = 0. Let m(z) = 4*z**2 + 43*z - 23. Let c be m(-12). Calculate the greatest common divisor of c and i.
37
Suppose 7*u = 14*u. Suppose u = 3*l - 4*l. Suppose -18*q + 24*q - 138 = l. Calculate the highest common factor of q and 253.
23
Let r = -4720 - -4760. What is the highest common divisor of 265 and r?
5
Suppose 3*v - 606 = 6*v + 5*j, 5*j - 970 = 5*v. Let s = v + 265. Calculate the greatest common divisor of 8 and s.
4
Suppose 5*a - 906 - 1128 = 2*x, 0 = -5*x - 10. Calculate the highest common factor of 322 and a.
14
Let z = -219 - -224. Suppose t = q - 2*t - 48, -z*q + 4*t + 218 = 0. What is the highest common factor of q and 105?
21
Suppose 0 = 25*h + 17601 - 25726. Calculate the highest common divisor of 5 and h.
5
Let b(p) = 2*p**3 - 10*p**2 + 14*p - 2. Let m(w) = -w**3 - 23*w**2 + 22*w - 44. Let k be m(-24). Let q be b(k). What is the greatest common factor of 154 and q?
22
Let u(a) = -91*a - 41. Let s = 124 - 128. Let b be u(s). Calculate the greatest common divisor of b and 17.
17
Let a(n) = -168*n + 1. Let y be a(-1). Suppose -1328 - 1948 = -84*m. What is the greatest common divisor of y and m?
13
Suppose q = -4*c + 14401, -4*c + 5*q + 12888 = -1483. Suppose -12167 + c = -28*d. Calculate the greatest common factor of 34 and d.
34
Let v = -241 - -232. Let y(o) = o + 10. Let q be y(v). Let l be (14/(-8) + 2)*4. What is the highest common divisor of l and q?
1
Let b(t) = 5*t**2 - 4*t - 1. Let v be b(2). Let l = 408 - 144. Suppose -3*x = -7*x + l. What is the greatest common divisor of x and v?
11
Suppose -4 = 3*f + 3*z - 1, 2*f + 5 = -3*z. Let g(q) = -3*q**2 + 86*q + 2*q**2 - 149 - 60*q. Let w be g(11). What is the greatest common factor of w and f?
2
Let n be (-3)/(-6) - (-341)/2. Let v(c) = 114*c + 25213. Let y be v(-221). What is the greatest common divisor of n and y?
19
Let n be ((-42)/(-4))/((-4)/(-48)*6). Calculate the greatest common factor of 5103 and n.
21
Let f be 0/(2 - -1) + 5. Suppose -f*p + 32 = -p. Let j = -211 - -231. What is the greatest common factor of j and p?
4
Let p(g) = 28*g + 36. Let t be p(-1). Suppose -4*l + 6 = -2*l. Suppose 5*b = -l + 23. What is the highest common factor of t and b?
4
Let h = -3 + 11. Suppose -t + 2*t - h = 0. Let s be (1 - -1)*(-90)/t*-2. What is the greatest common factor of s and 5?
5
Let s be -3 + (5 - (2 - -2)). Let o be 17/(-8) - s - 1160/(-64). Suppose -7*v = -10*v + o. What is the greatest common factor of 78 and v?
6
Let c(v) = 249*v - 179. Let u be c(1). Calculate the greatest common divisor of u and 3465.
35
Suppose 54*h - 28904 - 35032 = 0. What is the highest common divisor of 24 and h?
8
Suppose -67*s - 60*s = -114*s - 468. What is the greatest common factor of 5616 and s?
36
Let z(k) = 10797*k - 118739. Let n be z(11). Let j = 148 - -258. Calculate the highest common divisor of j and n.
14
Let v(i) = -110*i + 21. Let u be v(4). Suppose 374 = -2*x - 0*x. Let y = x - u. What is the highest common factor of 29 and y?
29
Let g(x) = 3*x**3 + 7*x**2 + 6*x - 70. Let v be 15*4/36*3. Let w be g(v). Calculate the highest common factor of 30 and w.
30
Let k be (-2 + -11)*(-140)/(-20). Let q = k + 109. What is the greatest common divisor of q and 30?
6
Suppose -4*l = 3*l + l. Suppose l*i = 5*i - 2*f - 1299, 0 = 5*i - 5*f - 1290. Calculate the highest common factor of i and 29.
29
Let n = 703 - -865. Calculate the greatest common factor of n and 98.
98
Let o be 49 - ((45/(-10))/(-9))/((-2)/8). What is the greatest common factor of o and 44319?
51
Suppose -300 = 3*r + 3*r. Let j = -56 - r. Let a be (-1*(-9)/(-6))/(j/92). What is the greatest common divisor of 46 and a?
23
Suppose 0 = 8*s + 34 - 28 - 86. What is the greatest common divisor of s and 1920?
10
Suppose 30 = -6*s + 66. Suppose 0 = 2*w + 5*d - 197, -4*w + s*d = 2*d - 324. What is the greatest common divisor of 215 and w?
43
Suppose 23 + 9 = 8*m. What is the highest common factor of 1372 and m?
4
Suppose -93*l = 293*l - 58*l - 25584. Suppose -5*s + 263 = -h, 2*s - 3*h - 134 + 21 = 0. Calculate the greatest common factor of s and l.
26
Let i = 31 - 26. Suppose -3*y = -5*y + 6. Suppose -3*b + 72 = -w, 0*w - 34 = -b - y*w. Calculate the highest common divisor of i and b.
5
Let w = -1138 - -1164. Suppose d - 3*y = 2*d - 316, y - 1297 = -4*d. What is the highest common factor of d and w?
13
Let w be (-8 - -118)/(-10) - (-29795 - -11). Calculate the greatest common factor of w and 19.
19
Let i be (-22 + -6 - 2)*(8 - 230/20). Let a(m) = 31*m**2 + 3*m + 2. Let z be a(-2). What is the highest common divisor of i and z?
15
Let m(g) = -180*g. Let z be m(-1). Suppose -138 = -11*k + 5*x + 837, -2*k = 5*x - 195. What is the greatest common divisor of k and z?
90
Let r = 7418 + -6004. Calculate the greatest common divisor of r and 238.
14
Let h be 322/((-91)/(-13)) - 7. Calculate the greatest common divisor of 11271 and h.
39
Suppose 424 = 23*u - 2060. What is the highest common factor of 252 and u?
36
Let h = -39 - -77. Let j = h + 6. What is the greatest common divisor of j and 33?
11
Suppose g - 140 = -2*m, -6 = 58*m - 61*m. Suppose -3*u + 17 = -2*u. What is the highest common factor of g and u?
17
Let y = -18 + 123. Suppose -20*i - y = -27*i. Calculate the greatest common factor of 75 and i.
15
Suppose -769*x = -771*x + 36 + 28. What is the greatest common divisor of 12832 and x?
32
Suppose 1477 + 78185 = 51*v. What is the greatest common divisor of 22 and v?
22
Let c be (-744)/(-558)*(-414)/(-8). Calculate the highest common divisor of 759 and c.
69
Let l(b) = 3*b + 37. Let c(n) = n**2 + 16*n - 10. Let r be c(-16). Let p be l(r). Calculate the greatest common divisor of 182 and p.
7
Suppose -5*o = 19617 - 19747. Calculate the highest common factor of 110 and o.
2
Let a(u) = 16*u**2 - 74*u - 18. Let k be a(5). What is the greatest common factor of 76 and k?
4
Let m be -2 + 7 + -6*15/(-18) - 1. Calculate the greatest common divisor of m and 12924.
9
Let n(w) = 280*w**2 + 7*w + 28. Let r be n(-2). What is the greatest common divisor of 42 and r?
42
Let d = 405 - 269. Let z = -79 + d. Suppose z + 123 = 4*a. What is the greatest common factor of a and 9?
9
Suppose -59*l - 792 = -56*l. Let b = l - -275. Let m = -123 + 244. What is the highest common factor of b and m?
11
Let i = -15856 + 15966. Let z(g) = -3*g + 5. Let y be z(-5). Calculate the greatest common divisor of y and i.
10
Let h be ((-6)/(-4))/(12/(-32)). Let f be (-340)/15*6/h. Let u = -218 + 269. What is the highest common divisor of u and f?
17
Let f = 282 + -287. Let p(g) = -61*g - 242. Let x be p(f). Calculate the highest common factor of x and 27.
9
Suppose -6*q - 12 = -9*q. Let z(a) = -6*a**3 - 30*a**2 + 3*a + 19. Let f be z(-5). Calculate the highest common factor of f and q.
4
Suppose 11*n - 3*n = 16. Suppose -1 = -n*v - 5*h - 4, 5*h = 3*v - 58. What is the highest common factor of v and 484?
11
Let w = 7801 + -7796. What is the highest common factor of w and 745?
5
Let a(h) = 11*h**2 + 91*h - 45. Let m be a(-9). Calculate the highest common divisor of m and 477.
9
Suppose -166701 = 148*x - 969453. Calculate the highest common divisor of x and 336.
48
Let v be ((-2497)/44 - -15)/((27/2028)/(-9)). What is the highest common factor of v and 169?
169
Let r = 268 + -247. What is the greatest common factor of 6069 and r?
21
Let j(b) = -63*b - 691. Let